6, what is -23420 + -4?
-23424
In base 14, what is 1c + -a?
12
In base 6, what is -2530 + 0?
-2530
In base 6, what is 100402 + 3?
100405
In base 10, what is 0 - 1356?
-1356
In base 10, what is -47289 - 4?
-47293
In base 4, what is -22 - 13030?
-13112
In base 8, what is 5 + -433?
-426
In base 2, what is 111001 - 10000001?
-1001000
In base 4, what is 1010231 + 1?
1010232
In base 9, what is -2 + -1457?
-1460
In base 15, what is -1d - -b8?
9a
In base 3, what is 2 - -2001?
2010
In base 5, what is 20 - 11133?
-11113
In base 4, what is -2 + -121?
-123
In base 7, what is -5 - -414?
406
In base 8, what is -25 + -2545?
-2572
In base 5, what is -212 + 2?
-210
In base 10, what is -4 + -246?
-250
In base 16, what is -3 - -1b?
18
In base 16, what is 3 + 9?
c
In base 15, what is -15 - -57?
42
In base 12, what is 1 - -120a?
120b
In base 10, what is 2 + -1606?
-1604
In base 5, what is -20 - 204?
-224
In base 11, what is -5 - -1122?
1118
In base 15, what is -1c1 - 4?
-1c5
In base 16, what is -1 - 2fb?
-2fc
In base 16, what is -17 - 1c?
-33
In base 6, what is 3 - 44?
-41
In base 12, what is 65 - 16?
4b
In base 16, what is 11b - 1?
11a
In base 2, what is -11 - -10110?
10011
In base 3, what is -11 + 102?
21
In base 7, what is 42 - 25?
14
In base 14, what is -67 + -2?
-69
In base 15, what is -803 - -3?
-800
In base 5, what is 10 - -10340?
10400
In base 16, what is -1 - 6d?
-6e
In base 8, what is 0 - -1042?
1042
In base 16, what is 5 - cac?
-ca7
In base 8, what is -3 + 315?
312
In base 4, what is -2303 + 101?
-2202
In base 13, what is -7 + -192?
-199
In base 16, what is -1237 - 3?
-123a
In base 14, what is -19 + 7?
-12
In base 10, what is 1043 - 1?
1042
In base 8, what is 16 - -5?
23
In base 13, what is 7 - -75?
7c
In base 6, what is 3 + -31112?
-31105
In base 9, what is -4 - -3184?
3180
In base 16, what is -534 + 2?
-532
In base 9, what is 5 - -732?
737
In base 4, what is -30 + 2111?
2021
In base 5, what is -12220 + 3?
-12212
In base 4, what is 10 + 2303?
2313
In base 11, what is 4 + -10?
-7
In base 3, what is 1 + -2020100?
-2020022
In base 2, what is -100 - -11100010100?
11100010000
In base 7, what is -253 - 2?
-255
In base 11, what is -2 - -133?
131
In base 14, what is -23b + -13?
-250
In base 15, what is 49 + -5?
44
In base 13, what is -321 + -5?
-326
In base 13, what is 5 - 89?
-84
In base 14, what is -2d - 19?
-48
In base 14, what is 3 - 7d9?
-7d6
In base 7, what is -24 + -534?
-561
In base 13, what is -127 - 5?
-12c
In base 11, what is 995 + 17?
a01
In base 11, what is 463 - -43?
4a6
In base 8, what is 24 - -251?
275
In base 2, what is -11000100 + 10?
-11000010
In base 10, what is -5 - -23?
18
In base 11, what is 74 + 1?
75
In base 8, what is -47 + 131?
62
In base 15, what is -1 - 10?
-11
In base 13, what is 4 - -52?
56
In base 10, what is 12 - 93?
-81
In base 11, what is 1 - -1706?
1707
In base 2, what is -10 - 10110111?
-10111001
In base 7, what is -6 + 51?
42
In base 6, what is -30 + -1132?
-1202
In base 12, what is 5 - 3505?
-3500
In base 10, what is -7 + -3?
-10
In base 13, what is 94a - 0?
94a
In base 12, what is 51 + 5?
56
In base 14, what is -4 + -5?
-9
In base 14, what is 4c - 3?
49
In base 4, what is 10222 - -31?
10313
In base 16, what is -2886 + -1?
-2887
In base 16, what is 5 + -310?
-30b
In base 10, what is -762 - -3?
-759
In base 8, what is 2 + 5?
7
In base 14, what is -3 + -15?
-18
In base 11, what is -3 + 106a?
1067
In base 9, what is -4 + -254?
-258
In base 7, what is 56 - 203?
-114
In base 14, what is 169 - -5?
170
In base 3, what is -1202012 + -10?
-1202022
In base 15, what is -5 - -a7?
a2
In base 5, what is 3 + -230?
-222
In base 10, what is 8 + 210?
218
In base 2, what is -11001 + 11101111?
11010110
In base 9, what is 158 + 1?
160
In base 7, what is 15 - 416?
-401
In base 3, what is 20 - -111212?
112002
In base 3, what is -2 + -2021211?
-2021220
In base 12, what is 93 + 53?
126
In base 15, what is -15 - 11?
-26
In base 8, what is -67 + -6?
-75
In base 3, what is 2 + 1021?
1100
In base 12, what is 5b - -3?
62
In base 16, what is -2ac + -a?
-2b6
In base 4, what is 2 - 30112?
-30110
In base 5, what is -3 + -411?
-414
In base 8, what is 12766 + -3?
12763
In base 12, what is 5638 - -3?
563b
In base 9, what is 128 - 17?
111
In base 5, what is -343 - -13?
-330
In base 6, what is 10 - 5?
1
In base 9, what is 7 - -301?
308
In base 14, what is 3 - -141?
144
In base 14, what is -b02 + -5?
-b07
In base 16, what is 0 + -3b?
-3b
In base 7, what is 4 + 133?
140
In base 9, what is 4 - 8045?
-8041
In base 5, what is -2032 + -2?
-2034
In base 7, what is -15 - -523?
505
In base 11, what is -160 - a0?
-250
In base 6, what is 4 + -2235?
-2231
In base 16, what is 7 + 9?
10
In base 13, what is 690 - -4?
694
In base 4, what is -2220 - -11?
-2203
In base 2, what is 100110111 + 10?
100111001
In base 5, what is 4 - -341?
400
In base 7, what is -16 - 10?
-26
In base 9, what is -22 + 5?
-16
In base 10, what is 346 - 4?
342
In base 8, what is 2 - -1?
3
In base 16, what is 4 + 257?
25b
In base 8, what is -24 - 20?
-44
In base 11, what is -32 - -474?
442
In base 13, what is -1 + 39?
38
In base 9, what is 3 - -141?
144
In base 9, what is -40 - 113?
-153
In base 12, what is 6 + b?
15
In base 10, what is -6 + -361?
-367
In base 14, what is -45 - -4?
-41
In base 15, what is -ac - 6?
-b3
In base 5, what is 4 + 40?
44
In base 2, what is -10001011 + 11?
-10001000
In base 13, what is -5 - -1a?
15
In base 12, what is -29 - 48?
-75
In base 14, what is 232 - 2?
230
In base 12, what is -4 + -b0?
-b4
In base 2, what is 11 + 10000100?
10000111
In base 10, what is -16 + -147?
-163
In base 9, what is -3 + -22?
-25
In base 13, what is 1 - 77?
-76
In base 6, what is -1142 + -2?
-1144
In base 7, what is 5 + -1?
4
In base 3, what is 2212 - -100022?
110011
In base 16, what is 6a5 - 2?
6a3
In base 6, what is 5 - 10552?
-10543
In base 7, what is 34 + 6?
43
In base 10, what is -5 - -63?
58
In base 11, what is 0 - -48?
48
In base 9, what is 1 + 362?
363
In base 9, what is -410 + -5?
-415
In base 2, what is 111 - 10111110?
-10110111
In base 3, what is 1001 - -10?
1011
In base 2, what is 1 + -111100?
-111011
In base 13, what is 71b + -1?
71a
In base 3, what is 12021022 - 1?
12021021
In base 12, what is 1 + -502?
-501
In base 16, what is -5 - -1197?
1192
In base 2, what is 111111010000 + -11?
111111001101
In base 8, what is -6 - 56?
-64
In base 12, what is -4 - -83?
7b
In base 12, what is 3 + a3?
a6
In base 14, what is -229 - 0?
-229
In base 14, what is 18 + -2?
16
In base 3, what is -10222 - -101?
-10121
In base 10, what is 12 + -55?
-43
In base 16, what is 6 - -5?
b
In base 6, what is -10004 + -2?
-10010
In base 10, what is -10 - 1375?
-1385
In base 8, what is -11220 - -2?
-11216
In base 11, what is -4 + 17a?
176
In base 15, what is 0 + 1a65?
1a65
In base 12, what is 238 - -5?
241
In base 12, what is -11 - 92?
-a3
In base 7, what is 4 - 2356?
-2352
In base 6, what is 142 + 23?
205
In base 14, what is -12 + 1?
-11
In base 16, what is -11 - -12?
1
In base 12, what is 3 + 47b?
482
In base 2, what is -1011100 + -10?
-1011110
In base 7, what is -1 + 226?
225
In base 15, what is -2a93 - 4?
-2a97
In base 16, what is 4 - -222?
226
In base 6, what is -10211 - 2?
-10213
In base 4, what is 2 - 23020?
-23012
In base 10, what is 1053 - 3?
1050
In base 8, what is -41 - 23?
-64
In base 2, what is 100 - -1111101111?
1111110011
In base 15, what is -5 - 122?
-127
In base 15, what is 3 - -2469?
246c
In base 4, what is 2 + 31?
33
In base 7, what is -3645 + 0?
-3645
In base 4, what is -13 + 32?
13
In base 3, what is -111122 - 2?
-111201
In base 2, what is -101 - -1110?
1001
In base 3, what is -11 + -1111?
-1122
In base 4, what is -2 - 10?
-12
In base 9, what is -174 + 27?
-146
In base 8, what is -22 - -257?
235
In base 8, what is 177 + 0?
177
In base 9, what is 18850 + 0?
18850
In base 16, what is 1b - 2b6?
-29b
In base 7, what is -1 + -530?
-531
In base 15, what is 12 - 22?
-10
In base 9, what is -260 - -13?
-246
In base 16, what is 17e - -5?
183
In base 13, what is 3 - -84?
87
In base 11, what is 0 + 62?
62
In base 7, what is -13424 + 1?
-13423
In base 11, what is 35a3 - 2?
35a1
In base 9, what is -58 - 1?
-60
In base 3, what is -1210 + -2010?
-10220
In base 6, what is 2 - -4030?
4032
In base 13, what is -4cb